272 is divided by 11.
0
What is the remainder when 6541911 is divided by 5969?
5856
Calculate the remainder when 313599 is divided by 18426.
357
Calculate the remainder when 13519164 is divided by 1410.
84
Calculate the remainder when 83080704 is divided by 602034.
12
Calculate the remainder when 296500 is divided by 10224.
4
What is the remainder when 76545 is divided by 4254?
4227
Calculate the remainder when 74024 is divided by 3083.
32
Calculate the remainder when 3035453 is divided by 38909.
551
Calculate the remainder when 8890018 is divided by 357.
4
What is the remainder when 102936 is divided by 10278?
156
What is the remainder when 70044 is divided by 1249?
100
What is the remainder when 61497 is divided by 61339?
158
Calculate the remainder when 1594278 is divided by 1612.
10
What is the remainder when 34833649 is divided by 58153?
2
What is the remainder when 1018691 is divided by 19590?
11
What is the remainder when 50020141 is divided by 1779?
1777
Calculate the remainder when 125318173 is divided by 353.
349
Calculate the remainder when 120369 is divided by 1056.
1041
What is the remainder when 2651939 is divided by 174?
5
Calculate the remainder when 2464790 is divided by 21431.
225
What is the remainder when 7518735 is divided by 315?
0
Calculate the remainder when 3200375 is divided by 2922.
785
What is the remainder when 58283 is divided by 220?
203
What is the remainder when 59566 is divided by 4428?
2002
What is the remainder when 95458647 is divided by 143?
141
Calculate the remainder when 20722470 is divided by 4023.
4020
Calculate the remainder when 1159551 is divided by 231903.
36
Calculate the remainder when 10431495 is divided by 476.
431
Calculate the remainder when 28447 is divided by 3160.
7
Calculate the remainder when 233008440 is divided by 2607.
2601
What is the remainder when 305031 is divided by 1161?
849
What is the remainder when 29603337 is divided by 10159?
11
What is the remainder when 33682043 is divided by 53?
13
Calculate the remainder when 18331335 is divided by 6110429.
48
What is the remainder when 84748 is divided by 20366?
3284
What is the remainder when 7700108 is divided by 855563?
41
What is the remainder when 1798386 is divided by 531?
420
Calculate the remainder when 611786152 is divided by 362.
360
What is the remainder when 328581 is divided by 12468?
4413
Calculate the remainder when 902737 is divided by 300908.
13
What is the remainder when 44996 is divided by 22018?
960
Calculate the remainder when 261401 is divided by 628.
153
Calculate the remainder when 1702632 is divided by 58.
42
Calculate the remainder when 585161 is divided by 864.
233
What is the remainder when 86103 is divided by 74?
41
What is the remainder when 206605221 is divided by 56?
53
Calculate the remainder when 5299831 is divided by 2649915.
1
What is the remainder when 94824799 is divided by 14?
13
Calculate the remainder when 40860480 is divided by 5107559.
8
What is the remainder when 174933 is divided by 10933?
5
Calculate the remainder when 252353 is divided by 1856.
1793
What is the remainder when 46610 is divided by 400?
210
Calculate the remainder when 74248 is divided by 1692.
1492
Calculate the remainder when 491013 is divided by 15073.
8677
Calculate the remainder when 345602926 is divided by 277.
275
Calculate the remainder when 273465 is divided by 37.
35
Calculate the remainder when 2293997 is divided by 712.
645
Calculate the remainder when 1125719 is divided by 74997.
764
Calculate the remainder when 22653178 is divided by 197.
148
What is the remainder when 45228 is divided by 467?
396
What is the remainder when 99504 is divided by 926?
422
What is the remainder when 1577199 is divided by 58?
5
Calculate the remainder when 84066 is divided by 16076.
3686
What is the remainder when 923061 is divided by 6187?
1198
What is the remainder when 19483 is divided by 2355?
643
What is the remainder when 1275609 is divided by 637803?
3
What is the remainder when 808735 is divided by 7352?
15
Calculate the remainder when 219891679 is divided by 124.
123
What is the remainder when 1213346 is divided by 606662?
22
What is the remainder when 4335911 is divided by 1558?
1555
Calculate the remainder when 31516 is divided by 6213.
451
Calculate the remainder when 2779444 is divided by 3184.
2996
What is the remainder when 1841225 is divided by 613610?
395
What is the remainder when 7028906 is divided by 159?
152
What is the remainder when 28994280 is divided by 1550?
1530
Calculate the remainder when 29593372 is divided by 1849584.
28
What is the remainder when 36843 is divided by 5034?
1605
What is the remainder when 1164517 is divided by 291083?
185
What is the remainder when 69838226 is divided by 17?
16
Calculate the remainder when 3390524 is divided by 1695262.
0
What is the remainder when 346692 is divided by 5023?
105
Calculate the remainder when 482679012 is divided by 4.
0
What is the remainder when 903789 is divided by 451875?
39
Calculate the remainder when 45937934 is divided by 3645.
3644
What is the remainder when 1157049 is divided by 7923?
291
What is the remainder when 17095602 is divided by 4273894?
26
Calculate the remainder when 19782145 is divided by 203.
201
Calculate the remainder when 449130 is divided by 205.
180
Calculate the remainder when 29022 is divided by 7201.
218
Calculate the remainder when 136124 is divided by 748.
736
Calculate the remainder when 555449 is divided by 277631.
187
Calculate the remainder when 1273897 is divided by 77.
9
What is the remainder when 31783034 is divided by 128?
122
Calculate the remainder when 1028789 is divided by 2129.
482
What is the remainder when 83220757 is divided by 348204?
1
Calculate the remainder when 12405011 is divided by 101.
90
Calculate the remainder when 964941 is divided by 1146.
9
Calculate the remainder when 121061 is divided by 29529.
2945
What is the remainder when 1020869 is divided by 4576?
421
Calculate the remainder when 76813 is divided by 18565.
2553
What is the remainder when 1877968 is divided by 469214?
1112
What is the remainder when 3573209 is divided by 15205?
34
Calculate the remainder when 3848618 is divided by 2240.
298
What is the remainder when 24126850 is divided by 12063419?
12
What is the remainder when 231408 is divided by 2914?
1202
What is the remainder when 73085772 is divided by 9135718?
28
Calculate the remainder when 137816436 is divided by 6083.
6071
What is the remainder when 4952755 is divided by 2770?
2765
Calculate the remainder when 531083 is divided by 1443.
59
Calculate the remainder when 111984 is divided by 2434.
20
Calculate the remainder when 121392 is divided by 60666.
60
Calculate the remainder when 659854 is divided by 1391.
520
Calculate the remainder when 324334 is divided by 487.
479
Calculate the remainder when 9604 is divided by 607.
499
What is the remainder when 9283956 is divided by 4641978?
0
Calculate the remainder when 8016025 is divided by 1096.
977
What is the remainder when 19028876 is divided by 107?
103
Calculate the remainder when 114310 is divided by 113557.
753
What is the remainder when 133304 is divided by 37?
30
What is the remainder when 728804 is divided by 438?
410
What is the remainder when 3693971 is divided by 315?
281
What is the remainder when 752720848 is divided by 1575?
1573
Calculate the remainder when 13964641 is divided by 59.
49
What is the remainder when 1172283 is divided by 22489?
2855
Calculate the remainder when 1275195 is divided by 4671.
12
Calculate the remainder when 371555278 is divided by 20.
18
Calculate the remainder when 25431 is divided by 3124.
439
What is the remainder when 35324 is divided by 6909?
779
What is the remainder when 3077772 is divided by 75?
72
Calculate the remainder when 956904 is divided by 9201.
0
Calculate the remainder when 670156 is divided by 7884.
16
Calculate the remainder when 984881 is divided by 58.
41
What is the remainder when 66455439 is divided by 682?
677
What is the remainder when 655625 is divided by 51?
20
Calculate the remainder when 40337223 is divided by 5762457.
24
What is the remainder when 2457684 is divided by 2480?
4
Calculate the remainder when 1101324 is divided by 2422.
1736
What is the 